e?
True
Is 394523 a prime number?
True
Is 176531 prime?
True
Is 355273 a composite number?
True
Is 161717 composite?
False
Is 1097659 a composite number?
False
Is 31273 prime?
False
Is 2385947 a prime number?
True
Is 7439 prime?
False
Is 177841 a prime number?
True
Is 572161 composite?
False
Is 123887 a composite number?
False
Is 293 composite?
False
Is 36791 composite?
False
Is 8161 composite?
False
Is 8059 prime?
True
Is 166891 prime?
False
Is 18771 a composite number?
True
Is 144673 composite?
True
Is 38585 a prime number?
False
Is 4265 prime?
False
Is 451195 prime?
False
Is 3593 prime?
True
Is 443 a composite number?
False
Is 65353 composite?
False
Is 62359 prime?
False
Is 3543 a prime number?
False
Is 85771 a prime number?
False
Is 122659 a composite number?
True
Is 8263 prime?
True
Is 469303 composite?
False
Is 2827 a composite number?
True
Is 25301 composite?
False
Is 594193 a prime number?
True
Is 12289 a prime number?
True
Is 4853 composite?
True
Is 3593 composite?
False
Is 1755439 a prime number?
False
Is 884417 composite?
False
Is 49189 a prime number?
False
Is 84263 composite?
False
Is 114119 a composite number?
True
Is 1101 a prime number?
False
Is 8329 composite?
False
Is 995057 a prime number?
False
Is 232591 prime?
True
Is 108223 prime?
True
Is 1121 a composite number?
True
Is 1511 prime?
True
Is 264817 a composite number?
True
Is 580979 composite?
True
Is 33287 a prime number?
True
Is 1985 prime?
False
Is 20957 composite?
True
Is 1680617 prime?
True
Is 39293 a prime number?
True
Is 20569 prime?
False
Is 118081 prime?
True
Is 1657 a prime number?
True
Is 286163 prime?
True
Is 4321 composite?
True
Is 3569 a composite number?
True
Is 13577 a prime number?
True
Is 13963 composite?
False
Is 517337 composite?
False
Is 16861 a composite number?
True
Is 59699 composite?
False
Is 7349 a composite number?
False
Is 381 prime?
False
Is 590243 composite?
False
Is 207653 a prime number?
True
Is 17231 prime?
True
Is 17657 a prime number?
True
Is 16021 a composite number?
True
Is 3899399 prime?
False
Is 1354 prime?
False
Is 12421 a composite number?
False
Is 16547 a prime number?
True
Is 384058 a composite number?
True
Is 99469 a prime number?
True
Is 21367 a composite number?
True
Is 2761 composite?
True
Is 3433 prime?
True
Is 243407 a prime number?
False
Is 56915 prime?
False
Is 382807 a composite number?
False
Is 14107 prime?
True
Is 110407 a prime number?
False
Is 1759937 a prime number?
False
Is 17539 composite?
False
Is 35521 composite?
False
Is 1137559 composite?
True
Is 13901 a composite number?
False
Is 27994 a composite number?
True
Is 829313 prime?
False
Is 141439 a prime number?
True
Is 98179 composite?
False
Is 229829 a composite number?
True
Is 181397 a prime number?
True
Is 797 prime?
True
Is 356461 a prime number?
False
Is 5911 composite?
True
Is 805397 composite?
False
Is 7393 prime?
True
Is 525913 prime?
True
Is 17159 a prime number?
True
Is 16537 a composite number?
True
Is 1709837 composite?
False
Is 77591 a composite number?
False
Is 12319 a composite number?
True
Is 5262365 a prime number?
False
Is 160967 prime?
True
Is 80809 prime?
True
Is 167893 prime?
False
Is 67247 composite?
False
Is 507029 prime?
True
Is 23453 a prime number?
False
Is 10859 a prime number?
True
Is 76049 composite?
True
Is 44393 a prime number?
False
Is 49739 composite?
False
Is 131591 composite?
False
Is 313247 composite?
True
Is 231011 prime?
False
Is 308971 a composite number?
True
Is 18803 composite?
False
Is 17657 a composite number?
False
Is 3755 prime?
False
Is 55 prime?
False
Is 2181 a prime number?
False
Is 787 a composite number?
False
Is 52329 composite?
True
Is 55277 prime?
False
Is 14269 a prime number?
False
Is 99523 a prime number?
True
Is 6353 composite?
False
Is 2806489 prime?
False
Is 2729 composite?
False
Is 302261 composite?
False
Is 162249 composite?
True
Is 562781 prime?
True
Is 1651 a prime number?
False
Is 26183 a prime number?
True
Is 52265 a prime number?
False
Is 15121 a composite number?
False
Is 47305 a prime number?
False
Is 29083 a composite number?
True
Is 255551 prime?
True
Is 104507 a prime number?
False
Is 810269 a composite number?
False
Is 3643 a prime number?
True
Is 2293 prime?
True
Is 72991 a prime number?
False
Is 1121 a prime number?
False
Is 610679 prime?
False
Is 1405 composite?
True
Is 9934 a composite number?
True
Is 361723 prime?
True
Is 3319 a prime number?
True
Is 448829 composite?
False
Is 353095 a prime number?
False
Is 499 prime?
True
Is 17671 composite?
True
Is 19883 prime?
False
Is 32639 prime?
False
Is 351409 a composite number?
True
Is 898413 a prime number?
False
Is 40693 a prime number?
True
Is 14369 a composite number?
False
Is 38527 a prime number?
False
Is 1664261 a composite number?
False
Is 1899637 a prime number?
True
Is 74471 prime?
True
Is 38933 composite?
False
Is 4358 prime?
False
Is 13159 composite?
False
Is 2701 a prime number?
False
Is 1268327 composite?
False
Is 10561 a composite number?
True
Is 23683 a prime number?
False
Is 981451 prime?
True
Is 1151 a composite number?
False
Is 1189 a prime number?
False
Is 718 composite?
True
Is 439183 prime?
True
Is 72551 prime?
True
Is 1153523 composite?
True
Is 18737 prime?
False
Is 385013 composite?
False
Is 23531 a composite number?
False
Is 26869 prime?
False
Is 11957 prime?
False
Is 919157 composite?
True
Is 2953 composite?
False
Is 44071 a prime number?
True
Is 121139 a composite number?
False
Is 323545 composite?
True
Is 23461 composite?
True
Is 187883 a composite number?
False
Is 28993 a composite number?
True
Is 30773 a composite number?
False
Is 912337 prime?
True
Is 992951 a prime number?
False
Is 210011 a prime number?
True
Is 36433 a prime number?
True
Is 2645051 composite?
False
Is 230719 a prime number?
True
Is 278947 a prime number?
True
Is 7715 composite?
True
Is 28705 composite?
True
Is 432742 prime?
False
Is 1681 composite?
True
Is 275129 a prime number?
True
Is 8641 a composite number?
False
Is 896047 a prime number?
True
Is 136673 composite?
True
Is 1087621 composite?
False
Is 788631 composite?
True
Is 33287 prime?
True
Is 2297089 a prime number?
False
Is 1679417 a composite number?
False
Is 136931 a prime number?
False
Is 3561 prime?
False
Is 1741 a composite number?
False
Is 2971 a composite number?
False
Is 73739 a composite number?
True
Is 1805557 prime?
False
Is 160865 a prime number?
False
Is 44189 prime?
True
Is 434693 prime?
False
Is 7251 a prime number?
False
Is 22061 a prime number?
False
Is 189187 a prime number?
True
Is 15971 composite?
False
Is 9571 composite?
True
Is 8743 prime?
False
Is 1151 prime?
True
Is 24163 a prime number?
False
Is 122441 composite?
True
Is 383529 a prime number?
False
Is 9961 prime?
False
Is 68993 a prime number?
True
Is 2859551 a composite number?
False
Is 2831993 composite?
True
Is 106705 composite?
True
Is 361033 prime?
True
Is 78379 a prime number?
False
Is 10643 composite?
True
Is 77581 composite?
True
Is 4529 a composite number?
True
Is 467773 composite?
False
Is 1546 prime?
False
Is 17079 prime?
False
Is 36193 a composite number?
True
Is 1256369 a composite number?
False
Is 17231 a composite number?
False
Is 62119 prime?
True
Is 18019 prime?
False
Is 1415189 a prime number?
False
Is 4586 a prime number?
False
Is 10937 a prime number?
True
Is 344087 a composite number?
True
Is 558683 composite?
False
Is 525029 a composite number?
False
Is 511933 composite?
False
Is 5482 a composite number?
True
Is 42317 a composite number?
True
Is 8483 composite?
True
Is 105211 a composite number?
False
Is 15259 a prime number?
True
Is 886 prime?
False
Is 4751 a prime number?
True
Is 94709 a prime number?
True
Is 35589 prime?
False
Is 57985 composite?
True
Is 422183 composite?
False
Is 225889 prime?
True
Is 1781 composite?
True
Is 38783 composite?
False
Is 812671 composite?
False
Is 272959 composite?
False
Is 145109 a prime number?
True
Is 193133 a prime number?
True
Is 34115 a composite number?
True
Is 20701 composite?
True
Is 16589 a composite number?
True
Is 19661 composite?
False
Is 267745 a prime number?
False
Is 4751 a composite number?
False
Is 2858599 composite?
False
Is 172307 prime?
True
Is 109207 a composite number?
True
Is 60493 prime?
True
Is 10831 a prime number?
True
Is 38